{"text_format":"1","workbook":"xlsx","n_sheets":6,"sheets":["アドレス追加","記入例＿アドレス追加","AtMOSInput(ReadOnly)","リスト","重要事項説明書","Validation"],"not_rendered":{"charts":0,"images":2,"macros":1,"external_links":4,"defined_names":12,"comments":1,"pivot_tables":0},"unopened":[],"bounds":{"document_bytes":16777216,"sheet_cells":100000,"rows_first":2000,"rows_last":500,"rows_between":2000,"halvings":0,"cell_chars":16384,"cell_head_chars":4096},"cells_cut":0,"cells_raw":0,"read":"whole","date_system":"1900"}

{"sheet":"アドレス追加","index":0,"n_rows":50,"n_cols":38,"rows_kept":50,"cut":false,"hidden":false,"merged":[[36,10,36,36],[45,9,45,15],[45,16,45,20],[34,10,34,18],[34,20,34,28],[34,30,34,38],[42,10,42,19],[47,1,47,23],[47,24,47,44],[49,1,49,8],[49,9,49,20],[48,1,48,8],[46,9,46,15],[46,16,46,44],[48,9,48,20],[8,32,8,34],[22,21,22,22],[22,17,22,18],[22,23,22,24],[19,10,19,30],[20,10,20,44],[8,43,8,44],[8,27,8,31],[13,10,13,30],[22,25,22,26],[8,39,8,40],[22,19,22,20],[10,10,10,30],[1,1,1,44],[2,1,2,44],[3,1,3,44],[4,1,4,44],[8,41,8,42],[8,35,8,36],[8,37,8,38],[8,9,8,11],[8,12,8,13],[8,14,8,15],[8,18,8,19],[8,22,8,23],[5,2,5,23],[6,2,6,23],[7,2,7,23],[8,1,8,8],[12,9,17,9],[16,10,16,25],[35,10,35,36],[22,15,22,16],[16,27,16,43],[25,30,25,35],[25,25,25,28],[29,11,29,13]]}
[]
[null,"InfoSphereモバイルマルチキャリアタイプ 申込書 ver1.9"]
[]
[null,"端末アドレス追加シート"]
[]
[null,null,"株式会社NTT PC コミュニケーションズ　御中"]
[null,null,"InfoSphereモバイル利用規約を承諾の上、下記の通り申し込みます。"]
[null,null,"＜太枠の中をご記入願います。また該当する個所の□を塗りつぶして下さい。＞"]
[null,null,null,null,null,null,null,null,null,"お申込日",null,null,20,null,null,null,"年",null,null,null,"月",null,null,null,"日",null,null,"システム番号",null,null,null,null,"選択式"]
[null,null,null,null,null,null,null,null,null,"会社名"]
[]
[]
[null,null,null,null,null,null,null,null,null,"システム管理者情報","担当者名"]
[]
[]
[null,null,null,null,null,null,null,null,null,null,"電話番号",null,null,null,null,null,null,null,null,null,null,null,null,null,null,null,null,"メールアドレス"]
[]
[]
[null,null,null,null,null,null,null,null,null,"システム名"]
[]
[null,null,null,null,null,null,null,null,null,null,"お客様のネットワークを表す名称です。システム番号を発行する際に指定したシステム名をご記入ください。(全角のみ)"]
[]
[null,null,null,null,null,null,null,null,null,"設定完了希望日",null,null,null,null,20,null,null,"年",null,null,null,"月",null,null,null,"日",null,"SIMおよび端末のお申込みは設定完了希望日以降に行えます。"]
[null,null,null,null,null,null,null,null,null,null,"9営業日以降での指定をお願いします。"]
[null,null,null,null,null,null,null,null,null,"設定完了通知先",null,null,null,null,null,"□","通知しない",null,null,null,null,"□","通知する（システム管理者と同じ）"]
[null,null,null,null,null,null,null,null,null,null,null,null,null,null,null,null,null,null,null,null,null,"□","通知する（",null,null,null,null,null,null,"＠",null,null,null,null,null,null,"）","通知先メールアドレスを記載してください。"]
[null,null,null,null,null,null,null,null,null,null,"設定が完了したときにご指定のメールアドレスに設定完了通知メールを送付します。"]
[null,null,null,null,null,null,null,null,null,"基本設定"]
[null,null,null,null,null,null,null,null,null,"通信規格"]
[null,null,null,null,null,null,null,null,null,null,"■","LTE-IP"]
[null,null,null,null,null,null,null,null,null,null,"お客様端末でご利用される通信規格をご指定ください。"]
[null,null,null,null,null,null,null,null,null,null,"3GはPPPとIPでAPNが異なりますのでご注意ください。"]
[null,null,null,null,null,null,null,null,null,"IPアドレスを追加するSuffix"]
[null,null,null,null,null,null,null,null,null,null,"設定済企業識別子",null,null,null,null,null,null,null,null,null,"サービス識別子（選択）",null,null,null,null,null,null,null,null,null,"ドメイン（選択）"]
[null,null,null,null,null,null,null,null,null,null,null,null,null,null,null,null,null,null,null,".",null,null,null,null,null,null,null,null,null,".","sphere.jp"]
[null,null,null,null,null,null,null,null,null,null,"※アドレスを追加する企業識別子、サービス識別子をご記入ください。カスタマーコンソールの利用サービス詳細より確認できます。"]
[null,null,null,null,null,null,null,null,null,null,"※新規企業識別子のお申込みは新規/企業識別子追加のお申込書にてお申込みください。"]
[null,null,null,null,null,null,null,null,null,"端末IPアドレス帯"]
[null,null,null,null,null,null,null,null,null,null,"□","プライベートアドレスはカスタマーコンソールから申請してください。",null,null,null,null,null,null,null,null,null,null,null,null,null,null,null,null,"■","グローバルアドレス（有償オプション）"]
[null,null,null,null,null,null,null,null,null,null,"グローバルアドレスは数に限りがあるためご要望に沿えない場合があります。"]
[]
[null,null,null,null,null,null,null,null,null,"ご利用端末数"]
[null,null,null,null,null,null,null,null,null,null,"5台(/29)"]
[null,null,null,null,null,null,null,null,null,null,"3か月以内にご利用される予定の端末数（SIM枚数）をお選びください。端末のご利用状況が予定端末数を大幅に下回る場合は端末アドレスを削減する場合があります。"]
[null,null,null,null,null,null,null,null,null,null,"ご利用端末数を超える場合は本申込書で端末アドレス追加を申請することで端末（SIM）を追加できます。"]
[null,null,null,null,null,null,null,null,null,"宅配業者の指定",null,null,null,null,null,null,"なし",null,null,null,null,null,"※宅配業者の指定がある場合には下記に記載ください。"]
[null,null,null,null,null,null,null,null,null,"宅配業者名"]
[null,"NTTPC記入欄（以降はサービスオーダまでに販売担当者が記入してください）",null,null,null,null,null,null,null,null,null,null,null,null,null,null,null,null,null,null,null,null,null,null,"※半角の < (小なり)、> (大なり)、”(ダブルクォーテーション)、’(シングルクォーテーション)、% (パーセント)、; (セミコロン)、& (アンパサント)、\n  + (プラス)、\\ (円)、* (アスタリスク)、? (クエスチョンマーク)、| (パイプライン)、, (カンマ)、および改行コードは使用できません。"]
[null,"見積番号/契約番号",null,null,null,null,null,null,null,"記入不要",null,null,null,null,null,null,null,null,null,null,null,"見積番号/契約番号および料金は設定済企業識別子に準拠します"]
[null,"設定完了メール通知先",null,null,null,null,null,null,null,null,null,null,null,null,null,null,null,null,null,null,null,"設定完了時にメール通知を受けたい場合に記入してください。(任意)"]

{"sheet":"記入例＿アドレス追加","index":1,"n_rows":50,"n_cols":44,"rows_kept":50,"cut":false,"hidden":false,"merged":[[29,11,29,13],[22,23,22,24],[22,25,22,26],[20,10,20,44],[25,30,25,35],[25,25,25,28],[22,15,22,16],[22,17,22,18],[22,19,22,20],[22,21,22,22],[49,1,49,8],[49,9,49,20],[34,30,34,38],[35,10,35,36],[36,10,36,36],[48,1,48,8],[48,9,48,20],[45,9,45,15],[45,16,45,20],[46,9,46,15],[46,16,46,44],[34,10,34,18],[42,10,42,19],[34,20,34,28],[47,1,47,23],[47,24,47,44],[6,2,6,23],[7,2,7,23],[8,9,8,11],[8,12,8,13],[8,32,8,34],[1,1,1,44],[2,1,2,44],[3,1,3,44],[4,1,4,44],[5,2,5,23],[12,9,17,9],[13,10,13,30],[16,10,16,25],[16,27,16,43],[10,10,10,30],[8,37,8,38],[8,39,8,40],[8,41,8,42],[8,43,8,44],[19,10,19,30],[8,14,8,15],[8,18,8,19],[8,22,8,23],[8,27,8,31],[8,35,8,36]]}
[]
[null,"InfoSphereモバイルマルチキャリアタイプ 申込書"]
[]
[null,"端末アドレス追加シート"]
[]
[null,null,"株式会社NTT PC コミュニケーションズ　御中"]
[null,null,"InfoSphereモバイル利用規約を承諾の上、下記の通り申し込みます。"]
[null,null,"＜太枠の中をご記入願います。また該当する個所の□を塗りつぶして下さい。＞"]
[null,null,null,null,null,null,null,null,"記入してください","お申込日",null,null,20,null,18,null,"年",null,9,null,"月",null,4,null,"日",null,null,"システム番号",null,null,null,null,"one",null,null,0,null,1,null,2,null,3,null,4]
[null,null,null,null,null,null,null,null,null,"会社名"]
[null,null,null,null,null,null,null,null,null,null,"株式会社エヌ・ティ・ティピー・シーコミュニケーションズ"]
[]
[null,null,null,null,null,null,null,null,null,"システム管理者情報","担当者名"]
[null,null,null,null,null,null,null,null,null,null,"PC次郎"]
[]
[null,null,null,null,null,null,null,null,null,null,"電話番号",null,null,null,null,null,null,null,null,null,null,null,null,null,null,null,null,"メールアドレス"]
[null,null,null,null,null,null,null,null,null,null,"00-0000-0000",null,null,null,null,null,null,null,null,null,null,null,null,null,null,null,null,"pctaro@nttpc.co.jp"]
[]
[null,null,null,null,null,null,null,null,null,"システム名"]
[null,null,null,null,null,null,null,null,null,null," Ｍ２ＭＩ＿ＮＴＴＰＣ＿Ｍ２Ｍネットワーク"]
[null,null,null,null,null,null,null,null,null,null,"お客様のネットワークを表す名称です。システム番号を発行する際に指定したシステム名をご記入ください。(全角のみ)"]
[]
[null,null,null,null,null,null,null,null,null,"設定完了希望日",null,null,null,null,20,18,null,"年",null,9,null,"月",null,28,null,"日",null,"SIMおよび端末のお申込みは設定完了希望日以降に行えます。"]
[null,null,null,null,null,null,null,null,null,null,"9営業日以降での指定をお願いします。"]
[null,null,null,null,null,null,null,null,null,"設定完了通知先",null,null,null,null,null,"□","通知しない",null,null,null,null,"■","通知する（システム管理者と同じ）"]
[null,null,null,null,null,null,null,null,null,null,null,null,null,null,null,null,null,null,null,null,null,"□","通知する（",null,null,null,null,null,null,"＠",null,null,null,null,null,null,"）","通知先メールアドレスを記載してください。"]
[null,null,null,null,null,null,null,null,null,null,"設定が完了したときにご指定のメールアドレスに設定完了通知メールを送付します。"]
[null,null,null,null,null,null,null,null,null,"基本設定"]
[null,null,null,null,null,null,null,null,null,"通信規格"]
[null,null,null,null,null,null,null,null,null,null,"■","LTE-IP"]
[null,null,null,null,null,null,null,null,null,null,"お客様端末でご利用される通信規格をご指定ください。"]
[null,null,null,null,null,null,null,null,null,null,"3GはPPPとIPでAPNが異なりますのでご注意ください。"]
[null,null,null,null,null,null,null,null,null,"IPアドレスを追加するSuffix"]
[null,null,null,null,null,null,null,null,null,null,"設定済企業識別子",null,null,null,null,null,null,null,null,null,"サービス識別子（選択）",null,null,null,null,null,null,null,null,null,"ドメイン（選択）"]
[null,null,null,null,null,null,null,null,null,null,"int-nttpc",null,null,null,null,null,null,null,null,".","icm",null,null,null,null,null,null,null,null,".","sphere.jp"]
[null,null,null,null,null,null,null,null,null,null,"※アドレスを追加する企業識別子、サービス識別子をご記入ください。カスタマーコンソールの利用サービス詳細より確認できます。"]
[null,null,null,null,null,null,null,null,null,null,"※新規企業識別子のお申込みは新規/企業識別子追加のお申込書にてお申込みください。"]
[null,null,null,null,null,null,null,null,null,"端末IPアドレス帯"]
[null,null,null,null,null,null,null,null,null,null,"□","プライベートアドレスはカスタマーコンソールから申請してください。",null,null,null,null,null,null,null,null,null,null,null,null,null,null,null,null,"■","グローバルアドレス（有償オプション）"]
[null,null,null,null,null,null,null,null,null,null,"グローバルアドレスは数に限りがあるためご要望に沿えない場合があります。"]
[]
[null,null,null,null,null,null,null,null,null,"ご利用端末数"]
[null,null,null,null,null,null,null,null,null,null,"13台(/28)"]
[null,null,null,null,null,null,null,null,null,null,"3か月以内にご利用される予定の端末数（SIM枚数）をお選びください。端末のご利用状況が予定端末数を大幅に下回る場合は端末アドレスを削減する場合があります。"]
[null,null,null,null,null,null,null,null,null,null,"ご利用端末数を超える場合は本申込書で端末アドレス追加を申請することで端末（SIM）を追加できます。"]
[null,null,null,null,null,null,null,null,null,"宅配業者の指定",null,null,null,null,null,null,"なし",null,null,null,null,null,"※宅配業者の指定がある場合には下記に記載ください。"]
[null,null,null,null,null,null,null,null,null,"宅配業者名"]
[null,"NTTPC記入欄（以降はサービスオーダまでに販売担当者が記入してください）",null,null,null,null,null,null,null,null,null,null,null,null,null,null,null,null,null,null,null,null,null,null,"※半角の < (小なり)、> (大なり)、”(ダブルクォーテーション)、’(シングルクォーテーション)、% (パーセント)、; (セミコロン)、& (アンパサント)、\n  + (プラス)、\\ (円)、* (アスタリスク)、? (クエスチョンマーク)、| (パイプライン)、, (カンマ)、および改行コードは使用できません。"]
[null,"見積番号/契約番号",null,null,null,null,null,null,null,"記入不要",null,null,null,null,null,null,null,null,null,null,null,"見積番号/契約番号および料金は設定済企業識別子に準拠します"]
[null,"設定完了メール通知先",null,null,null,null,null,null,null,"ccc@ccc.com",null,null,null,null,null,null,null,null,null,null,null,"設定完了時にメール通知を受けたい場合に記入してください。(任意)"]

{"sheet":"AtMOSInput(ReadOnly)","index":2,"n_rows":51,"n_cols":4,"rows_kept":51,"cut":false,"hidden":true,"merged":[]}
["AtMOS項目名","AtMOS入力値","型","AtMOSコード"]
["申込日",{"$f":"IF(AND(アドレス追加!O9=\"\",アドレス追加!S9=\"\",アドレス追加!W9=\"\"),\"\",アドレス追加!M9&アドレス追加!O9&\"/\"&アドレス追加!S9&\"/\"&アドレス追加!W9)","v":""},"日付"]
["システム番号",{"$f":"アドレス追加!AG9 & アドレス追加!AJ9 & アドレス追加!AL9 & アドレス追加!AN9 & アドレス追加!AP9 & アドレス追加!AR9","v":"選択式"},"文字列"]
["システム名",{"$f":"IF(アドレス追加!K20=\"\",\"\",アドレス追加!K20)","v":""},"文字列"]
["ネットワーク種別",{"$f":"IF(ISERROR(FIND(\"InfoSphere\",アドレス追加!B2)),1,2)","v":2},"コード：ネットワーク種別","1:VPNタイプ\n2:インターネットタイプ"]
["端末IPアドレス帯",{"$f":"IF(アドレス追加!AC39=\"□\",\"5\",IF(アドレス追加!AC39=\"■\",\"1\",\"\"))","v":"1"},"コード：クラス","1:グローバルアドレス\n2:シェアードアドレス\n3:プライベートアドレス(クラスA)\n4:プライベートアドレス(クラスB)\n5:標準サービス（プライベートIP固定）"]
["サフィックス",{"$f":"B8&\".\" & B9& \".\" &B10","v":"..sphere.jp"},"文字列"]
["【サフィックス】企業識別子",{"$f":"IF(アドレス追加!K35=\"\",\"\",アドレス追加!K35)","v":""},"文字列"]
["【サフィックス】サービス識別子",{"$f":"IF(アドレス追加!U35=\"\",\"\",アドレス追加!U35)","v":""},"文字列"]
["【サフィックス】ドメイン",{"$f":"アドレス追加!AE35","v":"sphere.jp"},"文字列"]
["認証方式",{"$f":"IF(アドレス追加!U35=\"ium\",1,IF(アドレス追加!U35=\"icm\",2,IF(アドレス追加!U35=\"cib\",2,\"\")))","v":""},"コード：アカウントタイプ","1:ユニークID\n2:共通ID"]
["【通信方式】通信規格",{"$f":"IF(アドレス追加!U35=\"ium\",4,IF(アドレス追加!U35=\"icm\",4,IF(アドレス追加!U35=\"cib\",6,\"\")))","v":""},"コード：通信規格","1:3G\n2:LTE\n3:バックアップ\n4:マルチキャリア\n5:チップSIMスタンダード\n6:チップSIMマルチキャリア"]
["【通信方式】PDPタイプ",2,"コード：PDPタイプ","1:PPP\n2:IP"]
["IPアドレス数",{"$f":"IFERROR(MID(アドレス追加!K43,FIND(\"/\",アドレス追加!K43),3),\"\")","v":"/29"},"文字列"]
["【NAT機能】NAT機能有無",null,"コード：NAT利用","0:利用しない\n1:利用する"]
["【NAT機能】NAT後アドレス帯",null,"文字列"]
["【NAT機能】NAT後IPアドレス数",null,"文字列"]
["【NAT機能】NAT後試験アドレス",null,"文字列"]
["折り返し通信禁止",null,"コード：折り返し通信禁止有無","0:利用しない\n1:利用する"]
["【SIM管理API】SIM管理API有無",null,"コード：SIM管理API利用","0:利用しない\n1:利用する"]
["【SIM管理API】ユーザID",null,"文字列"]
["【SIM管理API】パスワード",null,"文字列"]
["【DNSアドレス付与】DNSアドレス付与有無",null,"コード：DNSアドレス付与","0:利用しない\n1:利用する"]
["【DNSアドレス付与】プライマリDNS",null,"文字列"]
["【DNSアドレス付与】セカンダリDNS",null,"文字列"]
["【カスタマコントロール利用管理者】ユーザID",null,"文字列"]
["【カスタマコントロール利用管理者】パスワード",null,"文字列"]
["最低利用期間",null,"数値（月数）"]
["利用開始希望日",{"$f":"IF(AND(アドレス追加!P23=\"\",  アドレス追加!T23=\"\", アドレス追加!X23=\"\"),\"\",アドレス追加!O23&アドレス追加!P23 & \"/\" & アドレス追加!T23 & \"/\" & アドレス追加!X23)","v":""},"日付"]
["契約番号",null,"文字列"]
["OEM・代理店識別番号",null,"文字列"]
["未使用"]
["未使用"]
["未使用"]
["未使用"]
["未使用"]
["未使用"]
["未使用"]
["設定完了通知先アドレス(ユーザ)",{"$f":"IF(OR(AND(アドレス追加!P25=\"□\",アドレス追加!V25=\"□\",アドレス追加!V26=\"□\"),アドレス追加!P25=\"■\"),\"\",IF(アドレス追加!V25=\"■\",アドレス追加!AB17,アドレス追加!Z26&\"@\"&アドレス追加!AE26))","v":""},"文字列"]
["設定完了通知先アドレス(営業/OEM)",{"$f":"IF(アドレス追加!J50=\"\",\"\",アドレス追加!J50)","v":""}]
["設定完了通知先アドレス(プロダクト)","mobile-g@nttpc.co.jp"]
[]
[]
[]
[]
[]
[]
[]
["1SIMあたり無料通信量",30720]
["従量課金通信料単価(上り)",0.2]
["従量課金通信料単価(下り)",1]

{"sheet":"リスト","index":3,"n_rows":7,"n_cols":5,"rows_kept":7,"cut":false,"hidden":true,"merged":[]}
["IPアドレス帯","サービス識別子","□","■"]
["5台(/29)",null,"icm","icm","sphere.jp"]
["13台(/28)",null,"ium","ium"]
["29台(/27)",null,"cib","cib"]
["61台(/26)"]
["125台(/25)"]
["253台(/24)"]

{"sheet":"重要事項説明書","index":4,"n_rows":265,"n_cols":23,"rows_kept":265,"cut":false,"hidden":false,"merged":[[2,2,2,14],[125,3,128,3],[145,4,150,4],[145,14,150,14],[151,4,156,4],[151,14,156,14],[152,5,156,5],[152,6,156,6],[184,16,186,16],[152,15,156,15],[152,16,156,16],[169,10,170,10],[172,4,173,4],[172,14,173,14],[176,16,179,16],[174,4,182,4],[174,14,182,14],[176,5,179,5],[176,6,179,6],[176,15,179,15],[183,4,186,4],[183,14,186,14],[184,5,186,5],[184,6,186,6],[184,15,186,15],[208,16,211,16],[214,4,219,4],[214,14,219,14],[215,5,216,5],[215,6,216,6],[215,15,216,15],[215,16,216,16],[208,15,211,15],[202,10,203,10],[205,4,206,4],[205,14,206,14],[207,4,213,4],[207,14,213,14],[208,5,211,5],[208,6,211,6],[221,16,223,16],[238,10,239,10],[241,4,242,4],[241,14,242,14],[243,4,250,4],[243,14,250,14],[245,5,248,5],[245,6,248,6],[245,15,248,15],[245,16,248,16],[220,4,223,4],[220,14,223,14],[221,5,223,5],[221,6,223,6],[221,15,223,15],[251,4,255,4],[251,14,255,14],[252,5,254,5],[252,6,254,6],[252,15,254,15],[252,16,254,16],[257,5,258,5],[257,6,258,6],[257,15,258,15],[257,16,258,16]]}
[]
[]
[null,null,"InfoSphereモバイルマルチキャリアタイプ重要事項説明書"]
[]
[]
[null,null,"本書はご提供条件のうち、特に重要な事項、及びご利用上の注意事項をご案内しております。"]
[null,null,"内容をご一読の上、お申し込みください。"]
[null,null,"また、本ご提供条件はお客さまが弊社の提供するカスタマーコンソールからお申込みになる全てのSIM・端末およびオプションサービスに適用されます。"]
[]
[null,null,"＜サービス内容＞"]
[null,null,"IoT用途でのご利用を前提とした国際ローミングSIMを利用したモバイルデータ通信サービスです。"]
[null,null,"「SIM 単体」をNTTPC よりご提供します。"]
[]
[null,null,"●サービスタイプ"]
[null,null,"　(1) マルチキャリアタイプ"]
[null,null,"　　　国際ローミングSIMを利用し、接続先ネットワークをMaster's ONE IP-VPN とする閉域型モバイルアクセス。"]
[]
[null,null,"●モバイル回線"]
[null,null,"　　国際ローミングSIMに対応した端末で利用でき、提携する国際ローミング事業者が提供可能なエリアに準じてご利用いただけます。"]
[null,null,"　　利用可能エリアご案内URL:"]
[]
[null,null,"● SIM のご提供について"]
[null,null,"　・ご利用予定端末に関する国内認証機関の承認情報をご提出頂く場合があります。"]
[]
[null,null,"<端末アドレスについて>"]
[null,null,"予約された端末アドレスが長期間払い出されない場合は、予約済みIPアドレスの数またはIPアドレスそのものを変更する場合があります。"]
[]
[null,null,"＜通信速度、通信遅延について＞"]
[null,null,"通信速度、通信遅延はベストエフォートです。日本国内での利用を含め、お客様のご利用される国、エリア、利用環境、回線の混雑状況、"]
[null,null,"ご利用時間帯によっては大幅に低下することがあります。"]
[]
[null,null,"＜故障対応について＞"]
[null,null,"回線の故障復旧対応は、国際ローミング事業者の提供条件(原則、現地平日9時～17時)に則ります。また国際ローミング事業者や"]
[null,null,"国内・海外キャリア(MNO)の故障対応状況により、回線の復旧対応に時間を要する場合があります。"]
[]
[null,null,"＜サービス提供エリアと価格の変更について＞"]
[null,null,"本サービスのサービス提供エリア(国・地域)は国際ローミング事業者の提供エリア(国・地域)の変更に伴い、"]
[null,null,"提供する国・地域を削除もしくは追加し、価格を変更することがあります。"]
[null,null,"サービスエリアの変更もしくは価格を変更する場合には、1ヶ月前を目途としてお客様に通知します。"]
[]
[null,null,"＜大量データ送信者に対する利用の制限について＞"]
[null,null,"お客様の通信品質の確保・ネットワーク帯域利用の公平性確保を目的として、"]
[null,null,"当社所定の基準に基づき、連続的かつ大量の通信を行う一部のお客様通信の利用を下記のとおり制限します。"]
[]
[null,null,"<全プラン共通>"]
[null,null,"１．網全体が混雑状態となった際に、サービスご利用の公平性確保や混雑状態の早期解消を目的とした通信速度制限を実施する場合があります。"]
[null,null,"　　　混雑状態が解消されると通信速度制限も解除されます。"]
[null,null,"２．Windows® アップデートのご利用につきましては、ご利用速度を一定値に制限します。"]
[null,null,"３．長時間通信に対する通信断は実施しておりませんが、今後変更される場合があります。"]
[]
[null,null,"＜最大同時PDP接続認証要求数について＞"]
[null,null,"最大同時接続認証に制限がかかる場合がありますので、タイマーなどにより複数台の端末から一斉にPDP接続認証を行う場合は、タイマーの設定に配慮"]
[null,null,"を頂けますようお願いします。"]
[]
[null,null,"＜利用期間について＞"]
[null,null,"本サービスの最低利用期間はありません。"]
[null,null,"ただし、最低利用期間及び最低利用期間満了前の契約解除に伴う違約金を個別に定めた場合（見積書等において当社より"]
[null,null,"個別に提示した場合を含みます）にはこれによるものとします。"]
[]
[null,null,"＜SIMの故障に関する注意事項＞"]
[null,null,"別紙1に記載の通りです。必ず一読の上、内容の理解・承諾をお願いいたします。"]
[]
[null,null,"＜ご請求について＞"]
[null,null,"月初～月末を料金月として、開通翌月のご利用分よりご請求させて頂きます。"]
[null,null,"基本サービス月額料金については開通月無料、解約月満額請求となります。"]
[null,null,"尚、従量料金は開通月のご利用分よりご請求致します。"]
[]
[null,null,"＜本契約の解除について＞"]
[null,null,"・SIMの解約はお客さまにてカスタマーコンソールより解約処理を実施してください。解約希望日は、申込時点より2日後から翌月末まで選択可能です。"]
[null,null,"・ご利用料金は、契約解除日を含む当月分を満額でご請求させて頂きます。"]
[null,null,"・通信端末及びSIMカードはスタンダードタイプの場合はお客様負担にて当社指定の場所へご返却頂き、マルチキャリアタイプの場合はお客様にて破棄頂きます。"]
[null,null,"　未返却の場合は違約金をご請求させて頂く場合があります。"]
[]
[null,null,"＜その他＞"]
[null,null,"本書に記載のない事項については、「Master’sONE利用規約」「サービス仕様書」に準じるものとします。"]
[]
[null,null,"＜お問い合わせ先＞"]
[null,null,"NTTPCコミュニケーションズ 総合窓口"]
[null,null,"電話：050-3146-6683"]
[null,null,"受付時間：10:30～12:00、13：00～16：30（土日祝日・年末年始を除く）"]
[null,null,"※ナビダイヤルでおつなぎします"]
[]
[]
[null,null,"この提供条件説明書は、2022年2月8日現在の提供条件を説明したものであり、利用規約の改定等"]
[null,null,"により、提供条件が変更になる場合があります。"]
[]
[null,null,null,null,null,null,null,null,null,null,null,null,null,null,"以上"]
[]
[null,null,"--- 別紙1ここから ---"]
[null,null,"別紙1：SIMの初期不良に関する対応について"]
[]
[null,null,"■SIM初期不良発生時のサービスポリシー"]
[null,null,null,"お客さまが開通したSIMに初期不良が発生した場合、対象のSIMに関わる料金を、NTTPC社による初期不良認定後のお客さま請求から相殺します。"]
[null,null,null,"相殺する対象月のお客さま請求額が相殺額に満たない場合は、別途調整の上、返金します。"]
[null,null,null,"　※相殺（または返金）される料金の対象は下記「■相殺（または返金）される料金の対象」を参照してください。"]
[]
[null,null,null,"【注意点】"]
[null,null,null,"初期不良に該当するSIMは開通日より暦月で1か月以内のものに限ります。"]
[null,null,null,"1か月以上経過したSIMの故障は相殺（または返金）の対象となりません。"]
[null,null,null,"　※詳細な条件は下記「■SIM初期不良に該当する条件」を参照してください。"]
[]
[]
[null,null,"■SIM初期不良に該当する条件"]
[null,null,null,"以下の項目をすべて満たしていることが初期不良の条件になります。"]
[null,null,null,"　・対象SIMの開通日より暦月で1か月以内に、お客さまよりNTTPC社のカスタマフロントへ故障疑いの申告があった"]
[null,null,null,"　・お客さまが対象SIMをNTTPC社の故障解析担当へ送付し、上記申告から14日以内に着荷した"]
[null,null,null,"　・NTTPC社の故障解析担当の故障判定の結果、対象SIMが「故障」と判定された"]
[null,null,null,"　・NTTPC社の故障判定通知の前にお客さまは対象SIMの解約を行わない（NTTPC社の故障解析ができなくなるため）"]
[]
[]
[null,null,"■相殺（または返金）される料金の対象"]
[null,null,null,"[初期費用]"]
[null,null,null,"　・事務手数料"]
[null,null,null,"　・SIM発行手数料"]
[null,null,null,"[月額費用]"]
[null,null,null,"　・マルチキャリアタイプ従量プラン月額料金　または　違約金または月額料金（残額）"]
[null,null,null,"　※上記月額費用のどちらが対象になるかはケースによって異なります。下記「■フローケース」を参照してください。"]
[]
[null,null,null,"【注意点】"]
[null,null,null,"対象SIMに関わる　「配送費用」　、および対象SIMが故障前に発生した通信量　「マルチキャリア国内通信料」、「マルチキャリア海外グループ１～6通信料」　は相殺（または返金）の対象外です。"]
[null,null,null,"月額費用はひと月分を相殺するケースとふた月分を相殺するケースがあります。"]
[null,null,null,"　※詳細は下記「■フローケース」を参照してください。"]
[]
[]
[null,null,"■SIM初期不良による料金相殺（または返金）に必要なアクションと期限"]
[null,null,null,"お客さま","対象SIMの開通日から暦月で1か月以内にNTTPC社カスタマフロントへ故障申告を行う"]
[null,null,null,null,"上記故障申告から14日以内にNTTPC社故障解析担当に着荷するように対象SIMを送付する"]
[null,null,null,null,"NTTPC社の故障判定の結果、「故障」と通知のあった同じ月内末日2日前までに対象SIMをカスタマコンソールで解約する"]
[null,null,null,null," →NTTPC社による故障解析ができなくなるため、故障判定結果通知の前に解約をしないでください"]
[]
[null,null,null,"【注意点】"]
[null,null,null,"上記記載の各アクションを期限内に実施しない場合、月額費用が多くかかることになり、本サービス規定の相殺額では相殺しきれなくなります。"]
[null,null,null,"多くかかった分の月額費用に関しては相殺の対象外となりますのでご注意ください。"]
[null,null,null,"　※詳細は下記「■フローケース」を参照してください。"]
[]
[]
[null,null,"■フローケース"]
[null,null,null,"同月内解約フロー"]
[null,null,null,"お客さまによる対象SIMの開通、　NTTPC社の故障判定、　お客さまによる対象SIMの解約　の全てが同月に実施された場合、以下の費用が相殺対象となります。"]
[null,null,null,"　"]
[null,null,null,null,"N月1日開通の場合（初月から月額費用が有料）",null,null,null,null,null,null,null,null,null,"N月2日以降開通の場合（初月は月額費用が無料、ただし初月解約の場合は違約金あり）"]
[null,null,null,null,"・事務手数料",null,null,null,null,null,null,null,null,null,"・事務手数料"]
[null,null,null,null,"・SIM発行手数料",null,null,null,null,null,null,null,null,null,"・SIM発行手数料"]
[null,null,null,null,"・マルチキャリアタイプ従量プラン月額料金 N月分",null,null,null,null,null,null,null,null,null,"・違約金または月額料金（残額） N月分"]
[]
[null,null,null,null,"N月","1日","お客さま","SIM開通",null,null,null,null,null,null,"N月","2日以降","お客さま","SIM開通"]
[null,null,null,null,null,"a日","お客さま","NTTPC社カスタマフロントへ故障疑い申告",null,null,null,null,null,null,null,"a日","お客さま","NTTPC社カスタマフロントへ故障疑い申告"]
[null,null,null,null,null,"b日","お客さま","NTTPC社故障解析担当へ対象SIMを送付",null,null,null,null,null,null,null,"b日","お客さま","NTTPC社故障解析担当へ対象SIMを送付"]
[null,null,null,null,null,"15日頃","NTTPC","故障解析・判定結果「故障」",null,null,null,null,null,null,null,"15日頃","NTTPC","故障解析・判定結果「故障」"]
[null,null,null,null,null,"c日","NTTPC","お客さまへ故障結果通知",null,null,null,null,null,null,null,"c日","NTTPC","お客さまへ故障結果通知"]
[null,null,null,null,null,"d日 ※1","お客さま","カスタマコンソールで対象SIMを解約",null,null,null,null,null,null,null,"d日 ※1","お客さま","カスタマコンソールで対象SIMを解約"]
[null,null,null,null,"N+1月","初旬","NTTPC","N月利用分請求〆、対象SIMの調整金（相殺額）を登録",null,null,null,null,null,null,"N+1月","初旬","NTTPC","N月利用分請求〆、対象SIMの調整金（相殺額）を登録"]
[null,null,null,null,null,"中旬","NTTPC","お客さまへN月利用分を請求（請求項目は下記）",null,null,null,null,null,null,null,"中旬","NTTPC","お客さまへN月利用分を請求（請求項目は下記）"]
[null,null,null,null,null,null,null,"　・事務手数料",null,null,null,null,null,null,null,null,null,"　・事務手数料"]
[null,null,null,null,null,null,null,"　・SIM発行手数料",null,null,null,null,null,null,null,null,null,"　・SIM発行手数料"]
[null,null,null,null,null,null,null,"　・マルチキャリアタイプ従量プラン月額料金 N月分",null,null,null,null,null,null,null,null,null,"　・違約金または月額料金（残額） N月分"]
[null,null,null,null,null,null,null,"　・調整金 ※2",null,null,null,null,null,null,null,null,null,"　・調整金 ※3"]
[]
[null,null,null,null,"※1：末日マイナス2日前まで（例：1月なら1/29まで、閏年以外の2月なら2/26まで、4月なら4/28まで）"]
[null,null,null,null,"※2：[事務手数料]＋[SIM発行手数料]＋[マルチキャリアタイプ従量プラン月額料金 N月分] の合計マイナス値"]
[null,null,null,null,"※3：[事務手数料]＋[SIM発行手数料]＋[違約金または月額料金（残額） N月分] の合計マイナス値"]
[]
[]
[null,null,null,"開通翌月解約フロー"]
[null,null,null,"お客さまによる対象SIMの開通がN月、　NTTPC社の故障判定・お客さまによる対象SIMの解約　がN+1月（開通月翌月）に実施された場合、以下の費用が相殺対象となります。"]
[]
[null,null,null,null,"N月1日開通の場合（初月から月額費用が有料）",null,null,null,null,null,null,null,null,null,"N月2日以降開通の場合（初月は月額費用が無料）"]
[null,null,null,null,"・事務手数料",null,null,null,null,null,null,null,null,null,"・事務手数料"]
[null,null,null,null,"・SIM発行手数料",null,null,null,null,null,null,null,null,null,"・SIM発行手数料"]
[null,null,null,null,"・マルチキャリアタイプ従量プラン月額料金 N月分",null,null,null,null,"→","（ふた月分）",null,null,null,"・マルチキャリアタイプ従量プラン月額料金 N+1月分"]
[null,null,null,null,"・マルチキャリアタイプ従量プラン月額料金 N+1月分",null,null,null,null,"→"]
[]
[null,null,null,null,"N月","1日","お客さま","SIM開通",null,null,null,null,null,null,"N月","2日以降","お客さま","SIM開通"]
[null,null,null,null,null,"末日","お客さま","NTTPC社カスタマフロントへ故障疑い申告",null,null,null,null,null,null,null,"末日","お客さま","NTTPC社カスタマフロントへ故障疑い申告"]
[null,null,null,null,"N+1月","初旬","NTTPC","N月利用分請求〆",null,null,null,null,null,null,"N+1月","初旬","NTTPC","N月利用分請求〆"]
[null,null,null,null,null,"a日","お客さま","NTTPC社故障解析担当へ対象SIMを送付",null,null,null,null,null,null,null,"a日","NTTPC","NTTPC社故障解析担当へ対象SIMを送付"]
[null,null,null,null,null,"中旬","NTTPC","お客さまへN月利用分を請求（請求項目は下記）",null,null,null,null,null,null,null,"中旬","NTTPC","お客さまへN月利用分を請求（請求項目は下記）"]
[null,null,null,null,null,null,null,"　・事務手数料",null,null,null,null,null,null,null,null,null,"　・事務手数料"]
[null,null,null,null,null,null,null,"　・SIM発行手数料",null,null,null,null,null,null,null,null,null,"　・SIM発行手数料"]
[null,null,null,null,null,null,null,"　・マルチキャリアタイプ従量プラン月額料金 N月分",null,null,null,null,null,null,null,null,null,"　・マルチキャリアタイプ従量プラン月額料金 N月分　（初月無料）"]
[null,null,null,null,null,"15日頃","NTTPC","故障解析・判定結果「故障」",null,null,null,null,null,null,null,"15日頃","NTTPC","故障解析・判定結果「故障」"]
[null,null,null,null,null,"b日","NTTPC","お客さまへ故障結果通知",null,null,null,null,null,null,null,"b日","NTTPC","お客さまへ故障結果通知"]
[null,null,null,null,null,"c日 ※1","お客さま","カスタマコンソールで対象SIMを解約",null,null,null,null,null,null,null,"c日 ※1","お客さま","カスタマコンソールで対象SIMを解約"]
[null,null,null,null,"N+2月","初旬","NTTPC","N+1月利用分請求〆、対象SIMの調整金（相殺額）を登録",null,null,null,null,null,null,"N+2月","初旬","NTTPC","N+1月利用分請求〆、対象SIMの調整金（相殺額）を登録"]
[null,null,null,null,null,"中旬","NTTPC","お客さまへN+1月利用分を請求（請求項目は下記）",null,null,null,null,null,null,null,"中旬","NTTPC","お客さまへN+1月利用分を請求（請求項目は下記）"]
[null,null,null,null,null,null,null,"　・マルチキャリアタイプ従量プラン月額料金 N+1月分",null,null,null,null,null,null,null,null,null,"　・マルチキャリアタイプ従量プラン月額料金 N+1月分"]
[null,null,null,null,null,null,null,"　・調整金 ※4",null,null,null,null,null,null,null,null,null,"　・調整金 ※5"]
[]
[null,null,null,null,"※4：[事務手数料]＋[SIM発行手数料]＋[マルチキャリアタイプ従量プラン月額料金 N月分]＋[マルチキャリアタイプ従量プラン月額料金 N+1月分] の合計マイナス値"]
[null,null,null,null,"※5：[事務手数料]＋[SIM発行手数料]＋[マルチキャリアタイプ従量プラン月額料金 N+1月分] の合計マイナス値"]
[]
[]
[null,null,null,"余計な月額費用がかかってしまう例"]
[null,null,null,"前述の「■SIM初期不良による料金相殺（または返金）に必要なアクションと期限」に記載のお客さまアクションと期限を守れない場合、本サービス既定の相殺額では相殺できず、月額費用が余分に請求されることになります。"]
[null,null,null,"余分に請求された月額費用は相殺の対象外となります。"]
[null,null,null,"※以下は一部の例で全てのケースを網羅しているわけではありませんのでご注意ください。"]
[]
[null,null,null,null,"例1：開通翌月解約ケースにおいて、故障疑い申告後14日以内にNTTPC社故障解析担当へ着荷するように対象SIM送付しなかった"]
[]
[null,null,null,null,"N月1日開通の場合（初月から月額費用が有料）の相殺対象請求項目",null,null,null,null,null,null,null,null,null,"N月2日以降開通の場合（初月は月額費用が無料）の相殺対象請求項目"]
[null,null,null,null,"・事務手数料",null,null,null,null,null,null,null,null,null,"・事務手数料"]
[null,null,null,null,"・SIM発行手数料",null,null,null,null,null,null,null,null,null,"・SIM発行手数料"]
[null,null,null,null,"・マルチキャリアタイプ従量プラン月額料金 N月分",null,null,null,null,"→","（ふた月分）",null,null,null,"・マルチキャリアタイプ従量プラン月額料金 N+1月分"]
[null,null,null,null,"・マルチキャリアタイプ従量プラン月額料金 N+1月分",null,null,null,null,"→"]
[]
[null,null,null,null,"N月","1日","お客さま","SIM開通",null,null,null,null,null,null,"N月","2日以降","お客さま","SIM開通"]
[null,null,null,null,null,"末日","お客さま","NTTPC社カスタマフロントへ故障疑い申告",null,null,null,null,null,null,null,"末日","お客さま","NTTPC社カスタマフロントへ故障疑い申告"]
[null,null,null,null,"N+1月","初旬","NTTPC","N月利用分請求〆",null,null,null,null,null,null,"N+1月","初旬","NTTPC","N月利用分請求〆"]
[null,null,null,null,null,"中旬","NTTPC","お客さまへN月利用分を請求（請求項目は下記）",null,null,null,null,null,null,null,"中旬","NTTPC","お客さまへN月利用分を請求（請求項目は下記）"]
[null,null,null,null,null,null,null,"　・事務手数料",null,null,null,null,null,null,null,null,null,"　・事務手数料"]
[null,null,null,null,null,null,null,"　・SIM発行手数料",null,null,null,null,null,null,null,null,null,"　・SIM発行手数料"]
[null,null,null,null,null,null,null,"　・マルチキャリアタイプ従量プラン月額料金 N月分",null,null,null,null,null,null,null,null,null,"　・マルチキャリアタイプ従量プラン月額料金 N月分　（初月無料）"]
[null,null,null,null,null,"15日頃","NTTPC","故障解析",null,null,null,null,null,null,null,"15日頃","NTTPC","故障解析"]
[null,null,null,null,null,"25日","お客さま","NTTPC社故障解析担当へ対象SIMを送付",null,null,null,"※6",null,null,null,"25日","お客さま","NTTPC社故障解析担当へ対象SIMを送付",null,null,null,"※6"]
[null,null,null,null,"N+2月","初旬","NTTPC","N+1月利用分請求〆",null,null,null,null,null,null,"N+2月","初旬","NTTPC","N+1月利用分請求〆"]
[null,null,null,null,null,"中旬","NTTPC","お客さまへN+1月利用分を請求（請求項目は下記）",null,null,null,null,null,null,null,"中旬","NTTPC","お客さまへN+1月利用分を請求（請求項目は下記）"]
[null,null,null,null,null,null,null,"　・マルチキャリアタイプ従量プラン月額料金 N+1月分",null,null,null,null,null,null,null,null,null,"　・マルチキャリアタイプ従量プラン月額料金 N+1月分"]
[null,null,null,null,null,"15日頃","NTTPC","故障解析・判定結果「故障」",null,null,null,"※7",null,null,null,"15日頃","NTTPC","故障解析・判定結果「故障」",null,null,null,"※7"]
[null,null,null,null,null,"a日","NTTPC","お客さまへ故障結果通知",null,null,null,null,null,null,null,"a日","NTTPC","お客さまへ故障結果通知"]
[null,null,null,null,null,"b日 ※1","お客さま","カスタマコンソールで対象SIMを解約",null,null,null,null,null,null,null,"b日 ※1","お客さま","カスタマコンソールで対象SIMを解約"]
[null,null,null,null,"N+3月","初旬","NTTPC","N+2月利用分請求〆、対象SIMの調整金（相殺額）を登録",null,null,null,null,null,null,"N+3月","初旬","NTTPC","N+2月利用分請求〆、対象SIMの調整金（相殺額）を登録"]
[null,null,null,null,null,"中旬","NTTPC","お客さまへN+2月利用分を請求（請求項目は下記）",null,null,null,null,null,null,null,"中旬","NTTPC","お客さまへN+2月利用分を請求（請求項目は下記）"]
[null,null,null,null,null,null,null,"　・マルチキャリアタイプ従量プラン月額料金 N+2月分",null,null,null,null,null,null,null,null,null,"　・マルチキャリアタイプ従量プラン月額料金 N+2月分"]
[null,null,null,null,null,null,null,"　・調整金 ※8",null,null,null,null,null,null,null,null,null,"　・調整金 ※9"]
[]
[null,null,null,null,"※6：N+1月実施のNTTPC社故障解析に間に合わない"]
[null,null,null,null,"※7：N+2月実施のNTTPC社故障解析で「故障」と判定"]
[null,null,null,null,"※8：[事務手数料]＋[SIM発行手数料]＋[マルチキャリアタイプ従量プラン月額料金 N月分]＋[マルチキャリアタイプ従量プラン月額料金 N+1月分] の合計マイナス値"]
[null,null,null,null,null,"→　本サービス規定により、上記対象ケースにおいてはふた月分の月額費用が相殺対象のため、「マルチキャリアタイプ従量プラン月額料金 N+2月分」が相殺されない"]
[null,null,null,null,"※9：[事務手数料]＋[SIM発行手数料]＋[マルチキャリアタイプ従量プラン月額料金 N+1月分] の合計マイナス値"]
[null,null,null,null,null,"→　本サービス規定により、上記対象ケースにおいてはひと月分の月額費用が相殺対象のため、「マルチキャリアタイプ従量プラン月額料金 N+2月分」が相殺されない"]
[]
[]
[null,null,null,null,"例2：開通翌月解約ケースにおいて、NTTPC社故障通知の同月にカスタマコンソールで対象SIMの解約をしなかった"]
[]
[null,null,null,null,"N月1日開通の場合（初月から月額費用が有料）の相殺対象請求項目",null,null,null,null,null,null,null,null,null,"N月2日以降開通の場合（初月は月額費用が無料）の相殺対象請求項目"]
[null,null,null,null,"・事務手数料",null,null,null,null,null,null,null,null,null,"・事務手数料"]
[null,null,null,null,"・SIM発行手数料",null,null,null,null,null,null,null,null,null,"・SIM発行手数料"]
[null,null,null,null,"・マルチキャリアタイプ従量プラン月額料金 N月分",null,null,null,null,"→","（ふた月分）",null,null,null,"・マルチキャリアタイプ従量プラン月額料金 N+1月分"]
[null,null,null,null,"・マルチキャリアタイプ従量プラン月額料金 N+1月分",null,null,null,null,"→"]
[]
[null,null,null,null,"N月","1日","お客さま","SIM開通",null,null,null,null,null,null,"N月","2日以降","お客さま","SIM開通"]
[null,null,null,null,null,"末日","お客さま","NTTPC社カスタマフロントへ故障疑い申告",null,null,null,null,null,null,null,"末日","お客さま","NTTPC社カスタマフロントへ故障疑い申告"]
[null,null,null,null,"N+1月","初旬","NTTPC","N月利用分請求〆",null,null,null,null,null,null,"N+1月","初旬","NTTPC","N月利用分請求〆"]
[null,null,null,null,null,"a日","お客さま","NTTPC社故障解析担当へ対象SIMを送付",null,null,null,null,null,null,null,"a日","お客さま","NTTPC社故障解析担当へ対象SIMを送付"]
[null,null,null,null,null,"中旬","NTTPC","お客さまへN月利用分を請求（請求項目は下記）",null,null,null,null,null,null,null,"中旬","NTTPC","お客さまへN月利用分を請求（請求項目は下記）"]
[null,null,null,null,null,null,null,"　・事務手数料",null,null,null,null,null,null,null,null,null,"　・事務手数料"]
[null,null,null,null,null,null,null,"　・SIM発行手数料",null,null,null,null,null,null,null,null,null,"　・SIM発行手数料"]
[null,null,null,null,null,null,null,"　・マルチキャリアタイプ従量プラン月額料金 N月分",null,null,null,null,null,null,null,null,null,"　・マルチキャリアタイプ従量プラン月額料金 N月分　（初月無料）"]
[null,null,null,null,null,"15日頃","NTTPC","故障解析・判定結果「故障」",null,null,null,null,null,null,null,"15日頃","NTTPC","故障解析・判定結果「故障」"]
[null,null,null,null,null,"b日","NTTPC","お客さまへ故障結果通知",null,null,null,null,null,null,null,"b日","NTTPC","お客さまへ故障結果通知"]
[null,null,null,null,"N+2月","初旬","NTTPC","N+1月利用分請求〆、対象SIMの調整金（相殺額）を登録",null,null,null,null,null,null,"N+2月","初旬","NTTPC","N+1月利用分請求〆、対象SIMの調整金（相殺額）を登録"]
[null,null,null,null,null,"中旬","NTTPC","お客さまへN+1月利用分を請求（請求項目は下記）",null,null,null,null,null,null,null,"中旬","NTTPC","お客さまへN+1月利用分を請求（請求項目は下記）"]
[null,null,null,null,null,null,null,"　・マルチキャリアタイプ従量プラン月額料金 N+1月分",null,null,null,null,null,null,null,null,null,"　・マルチキャリアタイプ従量プラン月額料金 N+1月分"]
[null,null,null,null,null,null,null,"　・調整金 ※10",null,null,null,null,null,null,null,null,null,"　・調整金 ※13"]
[null,null,null,null,null,"c日 ※1","お客さま","カスタマコンソールで対象SIMを解約",null,null,null,"※11",null,null,null,"c日 ※1","お客さま","カスタマコンソールで対象SIMを解約",null,null,null,"※11"]
[null,null,null,null,"N+3月","初旬","NTTPC","N+2月利用分請求〆",null,null,null,null,null,null,"N+3月","初旬","NTTPC","N+2月利用分請求〆"]
[null,null,null,null,null,"中旬","NTTPC","お客さまへN+2月利用分を請求（請求項目は下記）",null,null,null,null,null,null,null,"中旬","NTTPC","お客さまへN+2月利用分を請求（請求項目は下記）"]
[null,null,null,null,null,null,null,"　・マルチキャリアタイプ従量プラン月額料金 N+2月分",null,null,null,null,"※12",null,null,null,null,"　・マルチキャリアタイプ従量プラン月額料金 N+2月分",null,null,null,null,"※12"]
[]
[null,null,null,null,"※10：[事務手数料]＋[SIM発行手数料]＋[マルチキャリアタイプ従量プラン月額料金 N月分]＋[マルチキャリアタイプ従量プラン月額料金 N+1月分] の合計マイナス値"]
[null,null,null,null,"※11：NTTPC社故障判定通知の翌月、かつ調整金で相殺後に対象SIMを解約"]
[null,null,null,null,"※12：N+2月に解約をしているので、「マルチキャリアタイプ従量プラン月額料金 N+2月分」は請求されてしまう"]
[null,null,null,null,"※13：[事務手数料]＋[SIM発行手数料]＋[マルチキャリアタイプ従量プラン月額料金 N+1月分] の合計マイナス値"]
[null,null,"--- 別紙1ここまで ---"]

{"sheet":"Validation","index":5,"n_rows":57,"n_cols":6,"rows_kept":57,"cut":false,"hidden":true,"merged":[]}
["〇バリデーション"]
["大項番","入力項目","小項番","バリデーション内容","警告表示","備考"]
[1,"お申込日",1,"未記入がある","記入してください"]
[null,null,2,"半角数字以外がある","西暦は4桁で記入してください"]
[null,null,3,"西暦が4桁でない","半角数字で記入してください"]
[null,null,4,"正しい日付ではない","正しい日付を記入してください"]
[2,"システム番号",1,"未記入／未選択がある","記入してください"]
[null,null,2,"半角数字1文字以外がある","半角数字１桁ずつ記入してください"]
[3,"申込区分",1,"未選択または複数選択がある","どちらか１つを選択してください"]
[4,"IDタイプ",1,"未選択または複数選択がある","どちらか１つを選択してください"]
[5,"会社名",1,"未記入がある","記入してください"]
[null,null,2,"全角1～40文字以内でない","全角40文字以内で記入してください"]
[6,"担当者名",1,"未記入がある","記入してください"]
[null,null,2,"全角1～50文字以内でない","全角50文字以内で記入してください"]
[7,"電話番号",1,"未記入がある","記入してください"]
[null,null,2,"半角以外がある","半角で記入してください"]
[null,null,3,"電話番号形式でない","電話番号の形式で記入してください","0X-X-Xは12桁か13桁、0XXXは10桁か11桁"]
[8,"メールアドレス",1,"未記入がある","記入してください"]
[null,null,2,"半角以外がある","半角で記入してください"]
[null,null,3,"メールアドレス形式でない","メールアドレスの形式で記入してください","X@X.X"]
[null,null,4,"半角128文字以内でない","メールアドレスの形式で記入してください"]
[9,"システム名",1,"未記入がある","記入してください"]
[null,null,2,"全角1～32文字以内でない","全角50文字以内で記入してください"]
[10,"設定済企業識別子",1,"未記入がある","記入してください"]
[null,null,2,"半角2～13文字以内でない","企業識別子の形式で記入してください"]
[null,null,3,"文字種が「a-zA-Z0-9-_」以外がある","企業識別子の形式で記入してください"]
[null,null,4,"文字種が「0-9-_」のみ","企業識別子の形式で記入してください"]
[11,"設定完了希望日",1,"未記入がある","記入してください"]
[null,null,2,"半角数字以外がある","西暦は4桁で記入してください"]
[null,null,3,"西暦が4桁でない","半角数字で記入してください"]
[null,null,4,"正しい日付ではない","正しい日付を記入してください"]
[12,"設定完了通知先",1,"未選択または複数選択がある","どちらか１つを選択してください"]
[null,null,2,"「通知する（その他）」でメールアドレスが未記入","記入してください"]
[null,null,3,"「通知する（その他）」でメールアドレス形式でない","メールアドレスの形式で記入してください","X@X.X"]
[null,null,4,"「通知する（その他）」でメールアドレスが半角128文字以内でない","メールアドレスの形式で記入してください"]
[13,"通信規格",1,"未選択または複数選択がある","どちらか１つを選択してください"]
[14,"端末IPアドレス帯",1,"未選択または複数選択がある","どちらか１つを選択してください"]
[15,"ご利用端末数",1,"未選択","記入してください"]
[16,"折り返し通信禁止",1,"未選択または複数選択がある","どちらか１つを選択してください"]
[17,"NAT機能",1,"未選択または複数選択がある","どちらか１つを選択してください"]
[null,null,2,"「利用する」でNAT後アドレス、NAT後マスク、試験用アドレスが未記入","記入してください"]
[null,null,3,"「利用する」でNAT後アドレス、試験用アドレスがIPv4アドレス形式でない","IPアドレスの形式で記入してください"]
[null,null,4,"「利用する」でNAT後マスクが24～29でない","マスクの形式で記入してください"]
[null,null,5,"「利用する」でNAT後マスクがご利用端末数と同じではない","NAT後アドレス帯と端末台数の数は同じにしてください"]
[null,null,6,"「利用する」でNAT後アドレスがネットワークアドレスではない","IPアドレス帯はネットワークアドレスの形式で記入してください"]
[null,null,7,"「利用する」で試験用アドレスがNAT後アドレスレンジ内ではない","試験用アドレスはX.X.X.Xを記入してください","というか末尾の1つ手前じゃないとダメ"]
[18,"DNSアドレス付与",1,"未選択または複数選択がある","どちらか１つを選択してください"]
[null,null,2,"「利用する」でプライマリ、セカンダリが未記入","記入してください"]
[null,null,3,"「利用する」でプライマリ、セカンダリがIPv4アドレス形式ではない","IPアドレスの形式で記入してください"]
[19,"カスタマーコンソール利用管理者",1,"未記入がある","記入してください","新規の場合"]
[null,null,2,"IDが8文字以上、100文字以内ではない","IDの形式で記入してください"]
[null,null,3,"IDがメールアドレス形式（a@a.a）ではない","IDの形式で記入してください"]
[null,null,4,"IDの文字種が「a-zA-Z0-9-_.」 or 「@」ではない","IDの形式で記入してください"]
[null,null,5,"パスワードが8文字以上、50文字以内ではない","パスワードの形式で記入してください"]
[null,null,6,"パスワードの文字種が「a-zA-Z0-9!#$(),-./:=@[]^_`{}~」ではない","パスワードの形式で記入してください"]
[20,"サービス識別子",1,"未記入がある","記入してください"]
[21,"ドメイン",1,"未記入がある","記入してください"]